ative of -5*b**2/2 + 5*b + 1498. Calculate y(5).
-20
Suppose -2 = -t + 4*f, t + 4 - 6 = 2*f. Let j(w) = -3*w - 8. Determine j(t).
-14
Suppose 3*m - 204 = -m. Let n(c) = -20 - 20 - 2*c**2 + m - 18 + 10*c. Give n(6).
-19
Let v(l) = 39*l + 57. Let x(m) = -11*m - 18. Let r(q) = -2*v(q) - 7*x(q). Determine r(10).
2
Let v(r) = -r**3 + 39*r**2 - 4. Let u(k) = -3*k**2 - 29*k - 7. Let p be u(-2). Determine v(p).
-4
Let p(l) = 1687*l**3 - 10*l**2 + l + 1713*l**3 - 3395*l**3 + 2. Give p(2).
4
Let j(d) = d**3 - 9*d**2 - 3*d + 11. Let q be (2/(4/(-5)))/(2/4). Let u(h) = -h**3 - 5*h**2 - 2*h - 1. Let z be u(q). What is j(z)?
-16
Let b(m) = -644*m - 622. Let v be b(-1). Let a(g) = -2*g**2 + 41*g + 67. What is a(v)?
1
Let z = 62 + -57. Suppose z*h - o = 691, 6*h = 5*h - 5*o + 133. Let l = h - 132. Let c(g) = -g - 7. Calculate c(l).
-13
Let d(c) = 7*c - 20. Suppose -45*h - 128*h + 1348 = -901. Give d(h).
71
Suppose -9 = i - 8. Let o(b) = b**2. Let x(d) = -4*d**2 + 4*d + 4. Let r(y) = i*x(y) - 3*o(y). Suppose 2*h + 4*h = 30. Give r(h).
1
Suppose 11*r + 3*r - 85 - 41 = 0. Let i(x) = -x**2 + 4*x - 2. Calculate i(r).
-47
Let y(u) = -u**3 + 5*u**2 + 4*u - 16. Let v = 120 - 115. Let k be y(v). Let p(h) = -h**3 + 3*h**2 + 6*h - 3. Give p(k).
5
Let b be (-6)/8 + (-588)/112 + 7. Let o(n) = 17*n - 15. Determine o(b).
2
Let p = 48 - 41. Let z(u) be the first derivative of -2*u**3 - 3*u**2 - 6 + 1/4*u**4 - 4*u. Determine z(p).
3
Let g(a) be the first derivative of -a**4/4 - 46*a**3/3 + 3*a**2/2 + 130*a - 9083. Calculate g(-46).
-8
Let i(f) = f**3 + 10*f**2 + 3*f + 13. Let s = 353 + -362. Determine i(s).
67
Let b be 10/2 - (1 + 218). Let f = -204 - b. Let o(s) = -s + 9. Give o(f).
-1
Suppose -5*l + 161 = 41. Let m = -6 + l. Suppose 4*g - m = -3*q, 5*g + 3*q = 7*q + 38. Let i(o) = o**3 - 7*o**2 + 6*o - 3. What is i(g)?
-3
Let o(j) be the first derivative of -j**2 + 6*j - 4. Let s(k) = -k**2 - 7*k + 6. Let z be s(-7). Let a be 3/(z/(-5))*(4 + -6). Determine o(a).
-4
Let i(s) = 4*s**2 - s + 2. Let c(p) = -p**2 + p + 1. Let q(a) = -2*c(a) - i(a). Let h(x) = -4*x**2 - 2*x - 7. Let j(f) = -3*h(f) + 5*q(f). Give j(-3).
16
Let c(o) = o**3 - 5*o**2 - 8*o + 3. Let x(k) = 4*k - 34. Let h be x(20). Suppose -4*y + 74 = -h. Suppose 4*p = -p + y. Determine c(p).
-9
Let m(a) be the second derivative of a**5/10 - 37*a**2/2 + 1176*a. Calculate m(0).
-37
Suppose 468 = 115*x - 141*x. Let h(g) = -20 - g + 0*g**2 - g**2 - 18*g. Let k be h(x). Let v(l) = 9*l + 1. Calculate v(k).
-17
Let d(l) = 44551 - 44559 + 9*l**2 + 0*l - 7*l. Let y(c) = -17*c**2 + 12*c + 14. Let p(v) = -5*d(v) - 3*y(v). Calculate p(-2).
24
Let j(d) be the first derivative of -d**4/4 - 2*d**3 - 15*d**2/2 - 44*d - 62. Calculate j(-5).
6
Let y(x) = -x**2 + 19*x + 35. Let q = -5770 - -5791. Calculate y(q).
-7
Let x(k) = -12*k + 16. Let m(b) = -10*b + 18. Let z(u) = -9*m(u) + 8*x(u). Determine z(-6).
2
Let s(d) = 14*d + 378. Let h be s(-27). Suppose 0 = 4*x - 3*j + 1 + 3, -5*x + 5*j = 10. Let q(t) = t - 20*t**2 + 6 - 17*t**x + 38*t**2. Give q(h).
6
Let w(i) = -13*i + 30. Let q be (-8)/(-1) - (-13 + 9 + 8). Give w(q).
-22
Let o(b) be the first derivative of -b**4/12 - 2*b**3/3 + 2*b**2 - 20*b - 26. Let q(j) be the first derivative of o(j). Determine q(-4).
4
Suppose 26 = 5*z + 46, -c = -2*z - 474. Let x = -476 + c. Let o(j) = j + 6. What is o(x)?
-4
Let b(k) = -k**2 - 4*k**2 + 3*k**2 + 8*k - 7*k. Let y = 52 - 50. Let w(p) = p**3 - 2*p**2 + 3*p - 3. Let v be w(y). Give b(v).
-15
Let w(p) = -394*p + 976*p - 18 - 534*p. Give w(0).
-18
Let z(n) = 7*n - 4. Let r(k) = k**2 - k. Let l(h) = 2*r(h) + z(h). Suppose 6 = 2*i - 4*f, i + 4*f + 18 = -i. Let c be i - 3*6/9. Determine l(c).
21
Let a(i) = 2*i**3 - 33*i**2 + 14*i + 39. Let x be a(16). Let s(g) = 7*g + 12*g - x - 6*g**2 + 4*g + g**3 - 19*g. What is s(5)?
-12
Let r(v) = -3 + 3*v - 3 - 13*v**2 + 1081*v**3 - 5 - 1080*v**3. What is r(13)?
28
Let u(j) = 9*j**2 - 2*j + 1. Let n be u(1). Let x(f) be the third derivative of -f**5/60 + 11*f**4/24 - 2*f**3 - 33*f**2 - 44*f. Determine x(n).
12
Let v = 36 - 74. Let b = -35 + v. Let p = 72 + b. Let d(z) = -5*z**3 - 2*z**2 + 1. Determine d(p).
4
Let i be (-44)/(-33)*((-1)/2 - -2). Let d(u) = u - 2 + i + 3 - 6. Give d(3).
0
Let t(j) = 3*j - 3. Let m(i) = -i**3 - 9*i**2 + 4*i - 13. Let u be m(-10). Suppose 11*o = 5*o + 312. Let n = u - o. Give t(n).
-18
Suppose -17*s = -23*s + 540. Suppose -18 + s = -36*q. Let z(d) = d**2 + 4*d + 4. What is z(q)?
0
Let x(b) = -3*b**3 - 1. Suppose 0 = 3*w - w - 5*w. Let y(v) = 6*v**2 - v - 1. Let u be y(w). Give x(u).
2
Let u be (35/14)/(1/4) - 3. Let n(k) = 3*k**3 - 21*k**2 - k + 9. Give n(u).
2
Let o = -25786 - -25810. Let z(x) = -x**3 + 26*x**2 - 31*x - 402. Calculate z(o).
6
Let i(s) = -53*s - 182. Let j(v) = -6*v - 23. Let h(a) = -6*i(a) + 47*j(a). What is h(-2)?
-61
Let j(i) = -3*i + 48. Let y(n) = 7. Let w(d) = -j(d) + 7*y(d). Calculate w(-4).
-11
Let h(t) = 1 - 2*t - 10*t + 12*t + 23*t - t**2. Let g be h(23). Suppose -3*c + g = -p, 0 = p - 4*c - 0*c + 1. Let y(k) = -26*k + 1. Give y(p).
27
Let t(v) = v**2 - v - 1. Let j(n) = -8*n + 3*n**3 - n - 4 - 4*n**3 - 6*n**2. Let m = -466 - -464. Let g(c) = m*t(c) + j(c). Calculate g(-7).
-2
Let p(u) be the first derivative of u**3 + u**2 - 3*u + 1. Let o(g) = -61*g + 9701. Let d be o(159). Give p(d).
13
Let k(a) be the first derivative of a**4/4 - 8*a**3/3 + 6*a**2 - 26*a - 27. Let b be k(7). Suppose 4 = o, b*s + o = 4*s + 49. Let q(d) = -d + 1. Give q(s).
-8
Let g be 6/(-4)*(-284)/3. Let p = 144 - g. Let n(l) = 2*l**3 - 3*l**2 + 3*l. What is n(p)?
10
Suppose 3*n - 10 = -i - 4*i, 2*i = -2*n. Let f(s) = -92*s**2 + 5*s - 8. Let l(r) = 475*r**2 - 24*r + 41. Let v(h) = 31*f(h) + 6*l(h). Calculate v(i).
3
Let w(j) = 16*j - 215. Let r be w(11). Let y = r + 31. Let z(t) = -t + 3*t + t**2 + 5*t - 9. Calculate z(y).
-1
Let p(y) = -y**3 + 31*y**2 + 33*y - 34. Let x be p(32). Let g(i) = -4*i**2 - i + 3. Give g(x).
-11
Let x(s) = 4*s - 13. Let v be -4 + -14 + (-4 - (-3 - 3)) + -1. What is x(v)?
-81
Let b be 6 + (-6)/(18/33). Let i be (0 - -4) + 19/(-19). Let w(r) = 4*r**2 - 18*r + 12. Let l(j) = 7*j**2 - 34*j + 23. Let t(f) = b*w(f) + i*l(f). Give t(11).
-2
Let g(p) = -2*p**2 + p - 45. Let l(b) = -11*b**2 - 10*b - 71. Let w(r) = 5*g(r) - l(r). Give w(7).
0
Let v = 4223 + -12667/3. Let h(c) be the second derivative of 15*c + 1/12*c**4 - 4*c**2 + 0 + v*c**3. Determine h(-6).
4
Let z(t) = 1309*t - 679*t - 4*t**2 - 12 - 656*t. What is z(-7)?
-26
Let z(x) be the second derivative of -1/3*x**3 - 2*x + 1/2*x**2 - 1/12*x**4 + 20. Give z(-5).
-14
Let a(c) = -5*c + 39. Let u be a(8). Let m(w) = -w**2 + 2*w. Let h(s) = -3*s**2 + 11*s - 2. Let k(l) = u*h(l) + 4*m(l). What is k(-4)?
-2
Suppose -8*t + 150 = -3*t. Let r be 12/t*-1 + 204/10. Let n(s) = -r*s + 39*s - 21*s. Give n(-4).
8
Let d = 5410 + -5386. Let g(z) = -z**2 + 25*z + 16. Calculate g(d).
40
Let d(g) = 5*g**2 + 96*g + 17. Let l be d(-19). Let f(k) = 46*k + 1. Determine f(l).
-91
Let n(k) be the first derivative of -1/4*k**4 - 4/3*k**3 + 3/2*k**2 - 4*k - 42. Determine n(-5).
6
Let b(x) = 55 - 56 - 9 - 164 + 39*x - 67. Give b(6).
-7
Let f(b) = -5*b**2 + 7*b - 10. Let t(x) = 6*x**2 - 7*x + 10. Let r be 2*((-8)/((-80)/(-45)) - -2). Let p(m) = r*f(m) - 4*t(m). Give p(6).
4
Let u(r) be the second derivative of r**6/360 - r**5/15 + 13*r**4/24 + 107*r**3/6 - 29*r. Let d(w) be the second derivative of u(w). Determine d(4).
-3
Suppose -3 = -w - 5. Let r(z) = -z**2 - 2*z - 44. Let a(p) = -6*p**2 - 14*p - 222. Let v(g) = -a(g) + 5*r(g). Determine v(w).
-2
Let u(i) = -i**3 + 11*i**2 - 5*i - 7. Suppose -5*c + 3*z = -9*c + 41, 5*c - 4*z = 59. Give u(c).
-62
Let b = -1014 + 663. Let v = -349 - b. Let r(d) = -13*d**2 - 4*d - 3. Let z(x) = 7*x**2 + 2*x + 2. Let m(n) = 3*r(n) + 5*z(n). Determine m(v).
-19
Let s(d) = -9*d + 1. Suppose g + 2 + 1 = 0. Let r be (4 + 8/(-4))/g*-15. Suppose -r*u + 9*u + 1 = 0. What is s(u)?
-8
Let j = -21 + 17. Let s(b) be the first derivative of -b**2 - 13*b + 541. Give s(j).
-5
Let o = 22 - 15. Let f(t) = 7*t. Let d(u) = 16*u + 1. Let b(z) = 6*d(z) - 13*f(z). Let i(l) = 12*l + 11. Let n(w) = 7*b(w) - 3*i(w). Give n(o).
2
Let s(h) = -5*h**2 - 19*h + 12*h + 3 + 4*h**2. Let p = 53 + -122. Let t = p - -64. Determine s(t).